2. Let i(p) = -2*p + 2. Let o be i(-6). Let r be f(o). Let t be 1 - (0 + -4 - 6). What is the highest common factor of r and t?
11
Let m(q) = 2*q**2 - 20*q + 57. Let x be m(7). Calculate the highest common factor of x and 615.
15
Let o(t) = -t. Let f be o(-4). Suppose 4*l - f = 2*l. Let h(s) = -s**3 + 7*s**2 + 8*s + 8. Let d be h(8). Calculate the greatest common divisor of l and d.
2
Let j(i) = -i**2 - 11*i - 24. Let c be j(-11). Let n = 4 + c. Let q = n + 27. What is the greatest common factor of q and 35?
7
Let o(j) = -j**2 - 12*j - 8. Let s(q) = q**2 + 12*q + 7. Let t(v) = 4*o(v) + 3*s(v). Let p be t(-9). What is the highest common factor of p and 4?
4
Suppose -3*u - 14 - 115 = 0. Let h = 44 + u. What is the highest common factor of h and 7?
1
Let o = -171 + 188. What is the highest common factor of 17 and o?
17
Suppose 0 = 3*f - a - 1802, 356 = 5*f - 2*a - 2647. Suppose y - 4*h = 111, 5*y - 2*h - f = -100. Calculate the greatest common divisor of 9 and y.
9
Let f(c) = -c**3 + 2*c**2 - 10*c - 15. Let b be f(-2). What is the greatest common factor of 651 and b?
21
Let z be 15/9 - 10/(-30). Let o = z + 13. Calculate the greatest common divisor of o and 5.
5
Let l be ((-2)/5)/(1/(-10)). Suppose -28 = -2*a - z - 1, 0 = 2*z + 2. Suppose 3*q = 9, -5*s + a = q + 6. What is the greatest common factor of s and l?
1
Let j(l) = 7*l**2 + l - 1. Let r be j(1). Suppose -r*f = -34 - 15. What is the highest common factor of 56 and f?
7
Let y = 151 - 67. Let h be (-1 - -2)/(6/y). Calculate the highest common factor of 2 and h.
2
Let f(j) = -j**2 + 10*j - 2. Let d be f(9). Let r be 10 - d - 2/(-2). Let s = 37 - 21. Calculate the highest common divisor of r and s.
4
Let h(f) = -406*f - 2791. Let q be h(-7). Suppose -46 = 2*t - 148. Calculate the highest common divisor of q and t.
51
Let z be 0/(3 + 1 + -2). Suppose 0 = -3*v - 0*k + k + 8, -4*v - k - 1 = z. Let r be 62/8 + (-1)/(-4). What is the greatest common factor of r and v?
1
Suppose -8 = -t + 4. Let b(d) = 2*d. Let x be b(0). Suppose 3*p = -3*f + 178 + 134, 3*f + 5*p - 304 = x. What is the greatest common divisor of f and t?
12
Suppose -16 = -9*r + r. Let q be (-36)/(32/(-12) + r/3). Let w(x) = -2*x + 2. Let o be w(-2). What is the greatest common divisor of q and o?
6
Suppose 2*x - 4*l = 124, 154 = 3*x + 4*l - 2*l. What is the highest common factor of x and 6?
6
Let j be (-15)/(-10)*480/18. What is the highest common divisor of 70 and j?
10
Let g be 4*-1*(-1)/(-2). Let b be 3 - (3 - (g + 20)). Let n = 202 - 157. What is the greatest common factor of b and n?
9
Let x be (-14)/(-21) + (-6)/9. Suppose x = 2*v - 7*v + 150. What is the highest common divisor of 10 and v?
10
Let q = -654 - -679. What is the greatest common factor of 425 and q?
25
Suppose 3*b + 14*b = 30821. What is the greatest common factor of b and 74?
37
Let k = 335 - 225. What is the greatest common divisor of k and 20?
10
Let m be 1 - (606/(-5) - 7/(-35)). What is the highest common divisor of m and 427?
61
Let q = -1349 + 1393. Calculate the highest common factor of q and 36.
4
Let v = -33 - -36. Suppose -3*m + s = 2*m - 1717, 697 = 2*m + v*s. What is the greatest common divisor of m and 43?
43
Let k(u) = 4*u**2 + u + 5. Let b be k(3). Let v = b + -27. What is the greatest common factor of 187 and v?
17
Suppose -2*g + 25 = g - t, g = -3*t + 5. What is the highest common factor of g and 328?
8
Let t be 26*11/(77/1260). Calculate the highest common divisor of 130 and t.
130
Suppose 64*l + 210 = 71*l. Calculate the greatest common divisor of l and 30.
30
Suppose 2*c = -2*c + 12. Let s be 48/(-4)*c/6. Let u be 167/3 + (-2)/s. Calculate the highest common divisor of 14 and u.
14
Let q(m) = -39*m + 258. Let o be q(6). What is the highest common factor of o and 64?
8
Let h = 240 - 238. Suppose 4*i - 68 = 12. What is the greatest common factor of h and i?
2
Let g = -893 - -1197. Calculate the greatest common factor of 16 and g.
16
Let h(c) = c**3 - 18*c**2 + 11*c - 8. Let i be h(18). Calculate the highest common factor of i and 76.
38
Let u be ((-120)/(-8) - 18)/(2/(-156)). What is the highest common divisor of u and 78?
78
Let o = -9 - -12. Let p = o - -9. Suppose 0 = 5*a - 4*a - n - 2, 3*a - 2 = 5*n. Calculate the greatest common divisor of a and p.
4
Suppose 3*r = 7*r + 4. Let j(n) = -n. Let g be j(r). Suppose -4*b - u + 2 = u, -u - 5 = -b. Calculate the greatest common divisor of g and b.
1
Suppose -5*b - t + 3 = -11, -2*t + 10 = 4*b. Suppose 30 = 2*f - 2*m, b*f - m = 23 + 24. What is the highest common factor of f and 192?
16
Suppose 3*q - 1546 = -h, 3*h - 764 = -2*q + 255. Let j = q - 355. What is the greatest common divisor of 18 and j?
18
Let u be (2/6)/((-11)/33). Let q be (448/70)/(u/(-5)). Let x(z) = z**2 + 2*z - 4. Let f be x(-4). What is the highest common factor of q and f?
4
Let s be (60/(-9))/(12/(-18)). Suppose -5*a + 85 = s. Calculate the highest common divisor of a and 165.
15
Suppose 4*d - 80 - 72 = -3*h, -70 = -2*d - 3*h. Calculate the highest common divisor of d and 1230.
41
Suppose -v - 5*i = 3, -3*v + 5*i + 0*i = -31. Let b(r) = -8*r + 40. Let x be b(12). Let h = x + 105. What is the highest common factor of h and v?
7
Let p = 14 - -24. Let g(h) = -h + 345. Let t be g(3). Calculate the greatest common factor of t and p.
38
Let i be (2 - -4)/(3/10). Suppose i + 20 = 5*v. Let m be 10/v + (-2)/8. Calculate the greatest common factor of 1 and m.
1
Suppose -3*q = o - 167, -276 = -4*q - 5*o - 57. What is the greatest common factor of q and 952?
56
Let v be (5 + (-44)/8)*-2*237. What is the highest common divisor of v and 158?
79
Suppose -3*f + 20 = o - 6*o, 3*f + 2*o - 34 = 0. Suppose 0 = 2*u - f, -j + 3*j - u - 29 = 0. Let b = -23 - -91. What is the highest common factor of j and b?
17
Suppose 145*k = 142*k + 216. Calculate the greatest common divisor of k and 6.
6
Let t(z) = z - 1. Let u be t(6). Suppose k + u*r + 5 = -0*r, 19 = 3*k - 2*r. Suppose k*f + 13 = 6*f. What is the greatest common divisor of f and 26?
13
Let a be (0 + 3 - 3)/((-1)/1). Suppose -g + 2*g - 4*z - 87 = a, 480 = 5*g - 5*z. What is the greatest common factor of g and 66?
33
Suppose -q - 2 = -7. Suppose 2*x + 20 = p - x, -3*p = -q*x - 56. Calculate the highest common divisor of 68 and p.
17
Let x be 31 - (-7)/(28/8). Suppose -3*t = -2*t - 3*m - x, m + 176 = 4*t. Suppose u - 2 - 3 = 5*r, 4*u - 20 = -3*r. What is the highest common factor of t and u?
5
Let h = -144 + 123. Let m(i) = i**3 + 20*i**2 - 20*i + 33. Let b be m(h). Calculate the greatest common factor of 108 and b.
12
Suppose -607 - 1313 = -16*v. Calculate the greatest common factor of v and 270.
30
Let a be 1 + 3 + (-32)/(-2). Let h be 160/4 + -4 - -4. What is the greatest common divisor of h and a?
20
Suppose 54*l - 46*l = 280. Calculate the greatest common divisor of 385 and l.
35
Let h(m) = 4*m**2 + 135. Let y be h(0). Calculate the highest common factor of 10 and y.
5
Let z(i) = -549*i - 421. Let t be z(-4). Calculate the highest common factor of 71 and t.
71
Let l(c) be the third derivative of c**4/24 + 7*c**3/3 - 21*c**2. Let o be l(-4). What is the greatest common divisor of 5 and o?
5
Let b(i) = -2*i - 3. Let y(q) = -q + 1. Let g(f) = -2*b(f) + 6*y(f). Let a be g(-7). What is the greatest common factor of 286 and a?
26
Let f be (3648/10)/8 + 6/(-10). Let y = -416 + 776. Calculate the highest common factor of y and f.
45
Suppose 1026 = 9*y - 0*y. What is the greatest common divisor of 38 and y?
38
Suppose -2*t + 3*t = -5*f + 40, -5*f = -2*t - 40. What is the highest common divisor of f and 44?
4
Let p = 21 - 12. Let h(j) = -j**3 + 14*j**2 - 16*j - 15. Suppose -5*l = -0*l - 60. Let t be h(l). What is the greatest common divisor of t and p?
9
Suppose 4*v + 8 = 0, -6*o + 4*v = -5*o - 50. Suppose 0 = -4*u + 10 + 14. What is the highest common factor of o and u?
6
Suppose 3*y - 252 = -i, 9*y - 12*y - 2*i + 252 = 0. What is the greatest common factor of 1218 and y?
42
Let v(w) = w**3 - 5*w**2 + 4*w + 3. Let r be v(4). Suppose r*b - 6 = b. Let s = 15 - b. Calculate the highest common divisor of 132 and s.
12
Suppose -5*a = -4*p - 97, 2*a + 3*p - 37 = 4*p. Suppose 51 = 2*v - v. What is the highest common factor of a and v?
17
Let c(n) = -3*n**2 - 10*n + 12. Let p be c(-5). Let b = 8 - p. Cal